 the value of 0 + 9 + -1 + -126 + 108?
-10
-27 - -23 - (-6 - 1)
3
Evaluate 5 + (-14 - (-3 + -2)) + 4.
0
Calculate (-1 - -2) + (-6 + 6 - -3).
4
What is -8 + 2 + (-5 - -7)?
-4
Calculate -7 + (-4 + -1 - -8).
-4
What is the value of -6 + (4 - 1) + 3 + -1?
-1
Evaluate (-6 + -7 - -13) + 10.
10
What is 0 - 3 - (0 + 1)?
-4
What is the value of 1 + ((-6 - -22) + -7 - 2)?
8
What is (-1 - (1 - 1)) + (-8 - -5)?
-4
Evaluate 7 + (0 + -5 - -7 - 13).
-4
Calculate (11 - (16 + -12)) + -7 + 1.
1
Calculate -3 + (-6 - -20) + -7.
4
4 - 5 - (3 + 0)
-4
Evaluate -1 + -14 + (21 - 10).
-4
What is -3 + 6 - (14 - 12)?
1
What is the value of -1 + 9 + 0 + -12?
-4
What is (-1 - 9) + (-11 - -25) + -6?
-2
Evaluate 3 - (2 - (-5 - -8) - -1).
3
Evaluate -3 - ((-8 - -10) + (-3 - -2)).
-4
0 - ((-1 - 2) + (19 - 13))
-3
(7 - 8) + 4 - (8 + -1)
-4
13 + 7 + 0 + (-28 - -14)
6
Evaluate (4 - (-1 - (-10 - 4))) + 4.
-5
What is the value of -2 - ((3 - 18) + 6)?
7
What is the value of 1 + (3 - (-2 - -3))?
3
What is the value of 0 - -6 - 5 - -2?
3
What is -2 + 1 + (2 - 1) + -3?
-3
Evaluate 8 + (-15 - 5) + 11.
-1
Calculate 8 - (-3 + (5 - -2)).
4
Evaluate 18 - 12 - 2 - 9.
-5
What is 11 + -5 - (0 - -11)?
-5
Calculate 31 + -13 + 1 - (9 + -1).
11
What is the value of (-2 - -5) + -3 - -5 - 2?
3
Calculate -3 + 2 + 2 + 2 - 4.
-1
What is 1 + (0 - 2) + 6 + 0?
5
Calculate -3 + 5 + -3 + 1.
0
Calculate 3 + -3 + 3 + 0.
3
Evaluate -75 + 69 - (1 + -5 + 1).
-3
Evaluate -2 - 0 - 0 - (-25 - -19).
4
What is (-8 - (-3 - 1)) + 2 + -4?
-6
What is the value of 6 - (-1 - -3) - (-4 - -9)?
-1
Evaluate 11 + (0 - (-8 + 7 - -4)).
8
What is -6 - (3 + 0) - -6?
-3
Evaluate (0 - -1) + -9 + 3.
-5
What is (0 - 6) + 8 + -5?
-3
Calculate -4 + (-4 + 9 - -4 - 2).
3
What is the value of -7 + (-6 - (7 - (10 + 4)))?
-6
What is the value of 0 + -1 + 1 + 9 + -5?
4
Calculate 6 + (-11 - 2) + 11.
4
(-27 - -30) + -2 + -2 - 6
-7
Evaluate -6 + -2 + -3 + 18.
7
39 + -36 - (-2 + 1 + 0)
4
What is the value of (-9 - -1 - -3) + (4 - 3)?
-4
Calculate 8 - (20 - (-3 - -9)).
-6
7 - (-4 - (-13 + (5 - 7)))
-4
What is the value of (13 - 9) + (2 + -1 - 2)?
3
What is the value of -10 - ((-8 - -1) + 3 + 1)?
-7
0 + 4 + -2 + -14 + 12
0
-2 - 5 - (3 - 13)
3
What is 1 + 5 + -10 + 1?
-3
What is 60 + -58 + (1 - 9)?
-6
Evaluate (3 - 1 - 8) + 2.
-4
-1 + 5 + 0 + 0 + 1
5
Evaluate 3 - (-3 + 3 + (-4 - 0)).
7
What is the value of 3 - 21 - -14 - (-5 + 0)?
1
1 + (3 - 4 - -5)
5
(-16 - ((0 - 3) + -1)) + 2
-10
Evaluate -5 + (5 - 7 - (2 - 7)).
-2
What is the value of -17 - (11 - 6 - 15)?
-7
Calculate -3 + 2 + 5 - 10 - -3.
-3
What is the value of 3 - (-3 + (4 - -1))?
1
2 + (-11 - (-8 - -2)) + 7
4
6 + -7 + 5 - 7
-3
Calculate -1 - (1 - -1) - -1.
-2
What is the value of (-2 - (-7 + 0)) + (-83 - -74)?
-4
What is (-6 - (-7 + -5)) + 0?
6
What is the value of -2 - (4 - (-6 + 11))?
-1
Evaluate (-1 - (4 - 4)) + (-4 - 0).
-5
-3 - (-1 + (-3 - 1) - 1)
3
What is the value of (-4 - (-2 + 3)) + 3 - 6?
-8
-4 + 5 + 2 + -8 - -7
2
What is 6 - ((-9 - (-2 + -4)) + 4)?
5
Calculate 2 - (1 - -3) - -3.
1
What is -6 - -6 - (0 + -9)?
9
Calculate -168 - -169 - (3 - -1).
-3
0 - (9 - (5 + -1))
-5
What is -104 + 100 - (1 - (-1 + 11))?
5
Evaluate -14 + -4 + 7 - -7.
-4
Calculate 6 + -4 + 0 + -1.
1
Evaluate (4 - 7) + (-2 - (3 + 0)).
-8
What is 0 - -1 - (-7 + 4 - -4)?
0
What is the value of (-6 - 1) + (10 + -1 - 6)?
-4
-12 + 11 - -3 - (0 + -4)
6
What is 2 + (17 - 18 - (2 + -8))?
7
What is the value of -11 - (7 + -4 - 11)?
-3
Calculate (-4 - 0) + 10 + (4 - 4).
6
What is -103 + 90 + (15 - 1)?
1
What is -3 + -10 + 16 + (-1 - 5)?
-3
(-3 - (2 + 1)) + 7 + -1
0
-10 - (-8 - (-2 + 9 + -13))
-8
Calculate 6 + -7 - (20 - 24).
3
What is (7 - 2) + -5 - -5?
5
(0 - 3) + (-2 - 3) + 9
1
What is the value of (4 + -1 - 4) + -19 + 20?
0
What is 8 + -7 + 2 + -7 + 2?
-2
Calculate -13 - (0 + (-9 - -2)).
-6
Calculate -5 + 0 + 1 + -5 + 4.
-5
What is the value of -3 - (-2 + -1) - 1?
-1
(-1 - -1 - 5) + 3 - -2
0
What is 4 + (-1 - -1) + -6 - 3?
-5
What is the value of -6 + 2 - (0 + 0 - 3)?
-1
What is -4 + (-3 - -3) + 8?
4
6 - 8 - (-3 - -1) - 0
0
What is (8 - 0 - 2) + -1?
5
Calculate -16 - (4 + -6) - -7.
-7
What is the value of 3 - (-9 + 5 + 8)?
-1
Calculate (9 - 12) + (2 - 5).
-6
What is the value of 6 - 7 - 3 - (0 + -10)?
6
Calculate -143 - -148 - (-3 + 1).
7
Calculate -11 - (-2 + -3 + 0).
-6
-5 - 0 - -4 - 4
-5
What is -6 + (12 - (6 + -5))?
5
Calculate -4 - (8 - 4 - (3 + 10)).
5
What is 2 - 0 - (4 - 0)?
-2
Calculate 6 + -13 - -10 - 8.
-5
Evaluate -2 - ((-7 - -4) + -5 + 5).
1
13 - (7 - (0 + 0))
6
Evaluate 3 + 0 + 9 + 7 + -23.
-4
Calculate 1 + 8 - 12 - -2.
-1
-1 + 10 + -5 - (0 - -8)
-4
Calculate (4 - -1) + 1 + -7.
-1
What is 5 + -1 + -8 + 7 - 1?
2
Calculate 1 + -1 + -2 - (19 - 21).
0
What is -4 - -2 - (-12 - -16)?
-6
Evaluate (4 - 0) + -19 + -12 + 19.
-8
Calculate -12 + (11 - 8) + 13.
4
What is the value of (3 - 6) + 1 + 2?
0
What is the value of (-1 + 4 - -4) + -6?
1
What is (-9 - -2) + (-5 - -7 - -1)?
-4
Calculate -1 - (4 - 0 - 1).
-4
What is the value of -9 + 8 - (1 - -1 - 0)?
-3
What is 6 + (11 - 11) + 1?
7
What is (1 + 1 - -1) + 359 + -371?
-9
-1 + 0 - (1 + -2 - 1)
1
Evaluate 0 + 3 + 1 + -1 + 2.
5
What is 1 + (-10 - 0) - -10?
1
What is the value of 2 + -4 + -1 + 3?
0
4 + -2 + 1 + -3
0
What is 5 + 1 - (0 + 10 + 3)?
-7
What is the value of 9 + -12 - (0 + 0)?
-3
Evaluate -6 - (-4 + 2) - -4.
0
What is 3 + -4 + 2 + 2?
3
Evaluate (2 - 0) + (6 - 10).
-2
What is 6 - (-8 + 15 + -5)?
4
Calculate 1 + (2 - -1) + (-1 - -1).
4
What is (-3 - -4) + -5 - 2 - 0?
-6
Evaluate -5 + 10 + -5 - -1 - -5.
6
-3 - ((0 - -4) + -8 - -5)
-4
Evaluate -2 + 3 + -3 - -7.
5
Calculate (-5 - (-6 - (0 + -4))) + -3.
-6
Evaluate 6 + (-4 - -3) - 1.
4
-6 + 7 + 1 + 2 + 2
6
Calculate 5 + -4 + -2 + -1.
-2
Calculate 3 - (7 + -9 + 5).
0
-3 + (7 - 6) + 1
-1
What is the value of (6 + 1 - (-36 + 41)) + 0?
2
0 + -5 + (-4 - -7)
-2
What is the value of 77 + -82 - (0 + 0)?
-5
What is the value of 3 + -6 + -3 + 6?
0
What is the value of -4 + 6 + -4 + (5 - 4)?
-1
What is the value of -1 + 10 + -7 - (-3 - -4)?
1
What is -18 - -15 - (3 - (3 - -10))?
7
What is (30 - 10) + -10 + -6?
4
What is 4 + -6 - -7 - (2 - -3)?
0
4 - (3 - (-6 + 7) - 2)
4
Evaluate -5 - (-3 - -1 - (-4 + 5)).
-2
-1 + (-3 + 2 - -7) + -6
-1
(5 - 24 - -7) + 4 + 0
-8
Calculate (1 - (-1 + -1)) + -8.
-5
What is the value of -2 + (-5 - (-5 + 2))?
-4
Evaluate -3 + (-1 - -5 - (69 - 77)).
9
Calculate -3 + (-2 + -2 - -3).
-4
Evaluate 3 + 2 + 0 + -2 + -8.
-5
What is the value of 5 - (-9 + 4 - -4) - 2?
4
Calculate 0 - (2 + -8 + 0) - 12.
-6
(1 - (-9 - -4)) + -5
1
Calculate 0 - -2 - 4 - (3 - 7).
2
What is the value of (0 + -4 + 2 - 2) + 0?
-4
Calculate -2 + 2 + -3 + (-4 - -7).
0
(-4 - 3) + 8 - 5
-4
0 + 6 - ((18 - 9) + -7)
4
What is the value of 3 - ((13 - 5) + -5)?
0
What is 14 + (-6 - 2) - 7?
-1
Calculate -3 - (3 - (5 - -4)).
3
What is the value of 17 + 0 + -8 - (1 - -1)?
7
Evaluate (7 - 15) + 4 + -3 + 1.
-6
Calculate 8 + (-14 - -13) + -11.
-4
Evaluate 4 + 0 - 0 - 8.
-4
What is the value of -101 + 92 + 1 + 13?
5
Calculate (-5 - 3 - (1 - 3)) + 3.
-3
What is the value of 19 + 4 + -13 + -10?
0
What is (12 - (-6 - -2)) + 8 + -13?
11
Calculate 65 + -58 + -1 + -1.
5
Calculate -8 + 21 - 4 - 13.
-4
Calculate -49 + 44 - (1 + -1).
-5
Evaluate (-8 - -2) + 1 + 2 - 1.
-4
Evaluate (2 - 2) + 2 - 3.
-1
Calculate -3 + 11 + -2 + -3.
3
What is the value of -7 - -3 - (2 + -5)?
-1
Calculate 0 + -5 + 6 - 2.
-1
What is the value of -3 - (5 + -3 + -9)?
4
What is the value of 1 + -3 + 0 + -15 + 19?
2
(2 - 6) + (-3 + -3 - -5)
-5
What is -5 + 8 + -4 - 2?
-3
1 + -4 + 58 + -57 + -6
-8
Evaluate (0 - 5 - -5) + -6.
-6
Evaluate -3 + (5 - -1) + -8 + 4.
-1
Evaluate 4 - (-6 - -5) - 6.
-1
What is the value of (12 - 5) + -5 - 2?
0
Evaluate (2 - 2) + -1 + 2.
1
Calculate 3 - (2 + (0 - (-3 - -1))).
-1
What is the value of -7 + 2 + (1 - 0) + 0?
-4
Calculate -4 + 10 + -3 + -5.
-2
1 + -5 + 5 + 0 + 3
4
Calculate (8 + 0 - 13) + 2.
-3
What is the value of -11 - (3 - (1 + 9))?
-4
1 + (-1 - 0 - 1) + 3
2
Calculate -1 + (2 - 7) + 7 - 9.
-8
What is 25 + -28 - (0 - 5)?
2
What is the value of (13 - (0 + 1)) + -8?
4
-3 + (-5 - (-1 + -6))
-1
What is 1 + 1 + -11 + 2 + 2?
-5
What is the value of 4 - (9 - 3 - -2)?
-4
Evaluate 11 - (10 - (-1 - -9)).
9
Evaluate 7 - 9 - (3 - 4).
-1
What is -16 + 8 + 5